emainder when 17 is divided by k(t)?
2
Let m(b) = 2*b**3 + 4*b**2 + 3*b + 1. Let s be m(-2). Suppose -5*l + 2*l = -36. Let w = l + s. Calculate the remainder when 19 is divided by w.
5
Let b(t) = -2*t - 5. Let x be b(-5). Suppose x*d - 2 - 13 = 0. Calculate the remainder when 7 is divided by d.
1
Let z = -9 - -15. Suppose 40 = 8*l - 4*l. What is the remainder when 55/3 + (-2)/z is divided by l?
8
Let h(g) = 9*g - 16. Let n be h(9). Let j = n - 37. What is the remainder when j is divided by 0*2/4 - -15?
13
Let q = -65 - -104. Suppose -x + q = -5. Calculate the remainder when x is divided by 23.
21
Suppose 0 = -s + 3, -4*p - 8 = -3*s - s. What is the remainder when 2 is divided by p?
0
Let l(i) = 4*i**2 - 7*i + i**3 - 5 + 7*i - 10*i**2 + 8*i. Let c be l(5). Suppose 3*g = 2*g + c. Calculate the remainder when 29 is divided by g.
9
Let t(a) = 2*a**3 - 2*a**2 - a + 20. What is the remainder when 77 is divided by t(0)?
17
Let g be 1/(22/10 + -2). Suppose 0 = -4*b - g*f + 25, 0 = 2*f + 6. What is the remainder when b is divided by 1*-2 - -1 - -5?
2
Calculate the remainder when (384/(-9))/((-2)/6) is divided by 13.
11
Suppose -6 = -4*x + d, -2*x - d - 2 = d. What is the remainder when 23 is divided by 78/13 + x*2?
7
Let k(f) = 3*f**3 + 4*f**2 + f - 2. Let u be k(-3). Let r = u - -72. Suppose -m + 4*m = -b - 4, 2*m + 32 = 3*b. Calculate the remainder when r is divided by b.
6
Let v = 49 + -22. Calculate the remainder when v is divided by 6.
3
Let v(f) = f**2 - 2*f + 2. Let b = 113 - 86. Calculate the remainder when b is divided by v(4).
7
Let i = 0 + -3. Let c(b) = b + 1. Let o be c(i). Calculate the remainder when (9 + -7)*(-11)/o is divided by 4.
3
Let l = 43 + -30. Calculate the remainder when l is divided by 4.
1
Suppose -k = -5*s - 28, -15 = -0*s + 3*s. Suppose l - 60 = -k*l. What is the remainder when 43 is divided by l?
13
Suppose -8*x + 239 = -257. Calculate the remainder when x is divided by 13.
10
Suppose -3*n - 16 = -94. Suppose 11*i - 384 = 166. What is the remainder when i is divided by n?
24
Let x(r) = -r + 9. Let g be x(9). Suppose g = 2*w - 4*w + 56. What is the remainder when 82 is divided by w?
26
Let v = 24 - 3. Calculate the remainder when v is divided by 6.
3
Calculate the remainder when 324/(-8)*2/(-3) is divided by 10.
7
Let z(i) = -i**3 + 7*i**2 - 4*i - 8. Let w be z(6). Suppose 0 = -9*h + w*h + 10. Suppose -h*b + 8 = -36. What is the remainder when b is divided by 12?
10
Suppose 3*o = 4*w + 101, -2*w + 0*w - 91 = -3*o. What is the remainder when o is divided by 16?
11
Let n = 2 - 3. Let s(f) be the first derivative of 19*f**3/3 + 7. Calculate the remainder when 56 is divided by s(n).
18
Suppose 0*i - 5*i = -15. Suppose 30 - 75 = -i*x. Calculate the remainder when 27 is divided by x.
12
Suppose -5*t = -21 + 6. Suppose 0 = -o - 4*h - 62, 34 = 2*o - t*o + 3*h. What is the remainder when (-2 - -1) + o/(-2) is divided by 12?
10
Suppose -6*i + 5*i + 6 = 0. Calculate the remainder when i is divided by 5.
1
Let z = -5 - -7. Suppose z*r = 70 - 12. What is the remainder when r is divided by 15?
14
Let j = 7 + -4. Let i be (-2 + 0)*4*2. Let m = i + 24. Calculate the remainder when m is divided by j.
2
Let j(v) = -7*v - 8. Let y(p) = 7*p + 8. Let k(f) = 5*j(f) + 4*y(f). Calculate the remainder when k(-15) is divided by 33.
31
Let d(r) = -5*r - 1. Let o = 1 + -2. Let j be d(o). Suppose -a + 5*x = -4, 3*a + 8 = -j*x + 58. What is the remainder when 40 is divided by a?
12
Suppose 4*o - 121 - 51 = 0. Let l = -16 + 31. Calculate the remainder when o is divided by l.
13
Calculate the remainder when 2*(-4 - -3) + 68 is divided by 17.
15
Let s = -97 + 139. Suppose -6*j - 33 = -5*d - 2*j, 3*d + 5*j - s = 0. Calculate the remainder when 19 + 3/(-2)*2 is divided by d.
7
Let r = 4 + -4. Let f be 6*(1 + r) + 0. Suppose h - f = -h. What is the remainder when h is divided by 2?
1
Suppose 4*m = 4, 5*t = -m - 0*m + 16. Suppose -2*v - t*v + 45 = -5*i, -4*v = i - 21. What is the remainder when 23 is divided by v?
5
Suppose -2*a - 12 = -50. What is the remainder when a is divided by 12?
7
Calculate the remainder when 6 is divided by (-9)/(-45) - 9/(-5).
0
Let t(z) = 6*z**3 + 3*z - 2. Let j be t(2). Suppose -2*u = 2*n - j, 3*n - u - u - 53 = 0. What is the remainder when n is divided by 46/4 - 5/10?
10
Let k = 21 - 0. What is the remainder when 81 is divided by k?
18
Let o(q) = -19*q**2 - q. Let h be o(-1). Let i = h + 38. Suppose 2*p - i = 8. Calculate the remainder when p is divided by 8.
6
Suppose y + 1 - 6 = 0. Let m be (-22)/(-14) - 15/(-35). Suppose 3*a + m*a = -5*h + 35, 0 = y*a - 4*h - 44. What is the remainder when 23 is divided by a?
7
Calculate the remainder when (18/(-5))/(20/(-50)) is divided by 3.
0
Suppose u - 6 = 7. Suppose -u = -2*z + 15. Calculate the remainder when z is divided by 5.
4
Let u be -3*(-7)/(63/(-30)). Let h = u + 5. What is the remainder when (h - 0)/(0 + -1) is divided by 4?
1
Suppose -26 = 2*x - 10. What is the remainder when (5 + -7)*(2 + x) is divided by 5?
2
Suppose 0 = -4*v - 20, 0 = 5*s - s - 4*v - 208. Suppose s = 3*o - 58. Let w(c) = -c**3 - 2*c**2 + 3. What is the remainder when o is divided by w(-3)?
11
Suppose -t - 4*t - 110 = 0. Let y = 6 + 33. Let v = t + y. Calculate the remainder when 31 is divided by v.
14
Let o(p) = 3*p**2 - 5*p + 5. Let s be ((-15)/(-15))/((-2)/48). What is the remainder when o(4) is divided by (272/s)/(2/(-3))?
16
Let k(u) = u. Let v be k(3). Let m = -1 + v. Calculate the remainder when 7 is divided by 1*1/(m/8).
3
Let y be (6/(-5))/((-3)/10). What is the remainder when 50 is divided by (y - 5)/((-2)/34)?
16
Suppose 0*m = 5*m - 190. What is the remainder when m is divided by 13?
12
Let a(p) = p**2 - 5*p**2 + 3*p**2 + 9. Let s(u) = -6*u - 4. What is the remainder when s(-5) is divided by a(0)?
8
Suppose 6*b - 3*r = b + 12, 0 = 5*b + 2*r - 17. Calculate the remainder when (64/b)/((-2)/(-6)) is divided by 13.
12
Let w = -50 - -120. What is the remainder when w is divided by 18?
16
Let c(t) = -t + 8. Let v be c(7). Let k(u) = 24*u**3 - 2*u + 1. What is the remainder when k(v) is divided by 6?
5
Suppose q = -q + 12. Let v = 12 - q. Let g = v - -5. What is the remainder when g is divided by 4?
3
Suppose 112 = n + 4*z, 0*n + 5*z = -3*n + 350. Suppose -n + 3 = -3*u. Suppose 3*v - 3*g = u, -4*v + 46 + 3 = -g. What is the remainder when v is divided by 7?
5
Let a = -38 - -58. What is the remainder when a is divided by 8?
4
Let w(v) = -147*v - 4. Let o(p) = 98*p + 3. Let x(r) = 7*o(r) + 5*w(r). What is the remainder when x(-1) is divided by 13?
11
Suppose -59 = -2*y - 3*c + 133, -298 = -3*y - 2*c. What is the remainder when y is divided by 35?
32
Let p(x) = x**3 - 8*x**2 + 10*x - 10. Let c be 23/2 - 2/(-4). Calculate the remainder when p(7) is divided by (-20)/6*c/(-10).
3
Suppose -3*i - 10 = -4*i. Let n(w) = -w + 20. Calculate the remainder when n(i) is divided by 6.
4
Suppose -2*g + 0 = -6. Let t(h) = h**3 - 3*h**2 + 3*h - 1. What is the remainder when 14 is divided by t(g)?
6
Suppose 2*g = 4*w - 50, 48 = 5*w - 3*g - 13. Suppose 13 = -4*k + h - 0, 4*k = 2*h - w. Let t = k + 14. Calculate the remainder when 21 is divided by t.
10
What is the remainder when 71 is divided by (23 - 11)*(-6)/(-4)?
17
Let i(o) = -42*o**3 + o**2 - o - 1. Calculate the remainder when i(-1) is divided by 9.
7
Let z = -4 - -14. Suppose -6*b - 80 = -z*b. What is the remainder when 57 is divided by b?
17
Let q = -83 - -116. What is the remainder when q is divided by 7?
5
Let d = -35 - -37. Suppose 0 = 2*a + k + 1, -2*a + a = -2*k - 12. Calculate the remainder when a is divided by d.
0
Suppose 0 = 2*h + 5*b - 34, -2*h + 49 - 15 = -5*b. Suppose 0 = 3*m + 50 - 146. Calculate the remainder when m is divided by h.
15
Calculate the remainder when 10/(-6)*-1*3 is divided by (-4)/(0 - 4/2).
1
Suppose 56 = 7*c + 7*c. Calculate the remainder when 16 is divided by c.
0
Let x be (-2)/7 - 74/(-14). Suppose -93 + 13 = -x*v - 5*w, -v + 4 = -3*w. What is the remainder when 25 is divided by ((-4)/2)/((-2)/v)?
12
Calculate the remainder when (2 + 3)*(-138)/(-30) is divided by 9.
5
Let b be (6/(-15))/((-2)/20). Let w = 3 + b. What is the remainder when w is divided by 2?
1
Let u = -4 - -9. Suppose -5*t + 1 = -4, -47 = u*i - 2*t. Let c(v) = -v*